divisor of 16666 and 559.
13
What is the greatest common divisor of 35497 and 12?
1
What is the highest common divisor of 99799 and 742?
371
Calculate the highest common factor of 54200 and 1900.
100
Calculate the highest common factor of 138414 and 23.
23
Calculate the greatest common factor of 4347 and 1512.
189
What is the greatest common factor of 86 and 159186?
86
What is the greatest common divisor of 666 and 343989?
333
Calculate the greatest common divisor of 10548 and 62116.
1172
Calculate the highest common divisor of 3400 and 629.
17
Calculate the greatest common divisor of 171 and 208962.
171
What is the greatest common divisor of 824 and 23278?
206
Calculate the highest common factor of 51 and 674373.
51
What is the highest common divisor of 5140 and 128?
4
What is the greatest common factor of 52 and 791999?
13
What is the highest common divisor of 5065321 and 653?
653
Calculate the greatest common factor of 2509 and 247.
13
What is the highest common divisor of 3136 and 13?
1
Calculate the greatest common factor of 792 and 1815.
33
Calculate the highest common factor of 6048 and 80160.
96
What is the highest common factor of 3311 and 385?
77
What is the highest common factor of 2055926 and 580?
58
What is the greatest common factor of 6294 and 6352744?
2098
Calculate the highest common factor of 588 and 129024.
84
Calculate the greatest common factor of 132 and 2648613.
33
Calculate the highest common divisor of 3402 and 1344.
42
Calculate the highest common divisor of 1717 and 83729.
101
Calculate the highest common divisor of 829 and 1199563.
829
Calculate the greatest common factor of 2643 and 9841651.
881
Calculate the highest common divisor of 9 and 30111.
3
Calculate the greatest common divisor of 663 and 581451.
663
What is the greatest common factor of 391 and 3536?
17
What is the highest common divisor of 5145 and 930?
15
Calculate the highest common divisor of 384 and 9488.
16
Calculate the greatest common divisor of 1417 and 65.
13
What is the highest common divisor of 9717 and 62484?
123
Calculate the highest common factor of 40612 and 1988.
284
Calculate the greatest common factor of 1288 and 17296.
184
Calculate the highest common divisor of 81600 and 31875.
1275
Calculate the highest common factor of 293246 and 38.
38
Calculate the greatest common divisor of 6814230 and 985.
985
Calculate the highest common divisor of 4128 and 15072.
96
Calculate the greatest common divisor of 17556 and 1551.
33
What is the greatest common factor of 123463 and 2648?
331
Calculate the greatest common divisor of 17148 and 60.
12
What is the highest common factor of 73 and 593344?
73
What is the greatest common factor of 51883 and 10478?
169
Calculate the highest common factor of 5664 and 29856.
96
Calculate the greatest common divisor of 8144 and 1296.
16
Calculate the greatest common factor of 279696 and 144.
48
What is the highest common divisor of 1445 and 12427?
289
Calculate the highest common factor of 29582 and 14.
14
Calculate the greatest common divisor of 50 and 26525.
25
What is the highest common divisor of 495 and 9135?
45
Calculate the highest common factor of 2049080 and 60.
20
What is the highest common factor of 602522 and 2933?
419
What is the greatest common divisor of 852 and 5893?
71
Calculate the greatest common factor of 36 and 144164.
4
Calculate the greatest common factor of 3672 and 432.
216
What is the greatest common divisor of 56 and 261688?
56
Calculate the greatest common factor of 468 and 47994.
6
Calculate the highest common factor of 3036 and 416691.
759
Calculate the greatest common divisor of 24 and 384.
24
Calculate the highest common factor of 6656 and 559.
13
What is the highest common divisor of 114 and 45258?
114
What is the greatest common divisor of 1280 and 25744?
16
Calculate the highest common divisor of 85 and 28345.
5
What is the highest common divisor of 8290 and 330?
10
Calculate the highest common factor of 5 and 25015.
5
What is the greatest common factor of 364 and 107660?
28
Calculate the highest common factor of 4704 and 4512.
96
Calculate the highest common divisor of 178 and 115344.
178
What is the greatest common factor of 485 and 75120?
5
Calculate the greatest common divisor of 3920 and 130.
10
What is the highest common factor of 130453 and 1337?
191
Calculate the greatest common divisor of 54686 and 54.
2
What is the greatest common factor of 63264 and 7776?
96
What is the greatest common factor of 18 and 23360292?
18
What is the highest common factor of 4136 and 116936?
376
What is the highest common factor of 4336 and 2979916?
1084
What is the greatest common divisor of 54051 and 731?
43
What is the highest common divisor of 49532 and 36?
4
Calculate the greatest common factor of 20 and 216148.
4
Calculate the greatest common divisor of 16140336 and 31.
31
Calculate the greatest common divisor of 7839 and 22698.
117
What is the greatest common factor of 210132 and 126?
18
What is the greatest common factor of 4 and 23524?
4
What is the greatest common factor of 1728 and 47808?
576
What is the highest common divisor of 55 and 173283?
11
What is the greatest common divisor of 177762 and 1209?
39
Calculate the highest common divisor of 2205 and 95256.
441
Calculate the greatest common divisor of 341856 and 27.
9
What is the highest common factor of 1872 and 693810?
234
Calculate the highest common divisor of 2201 and 23374.
31
What is the greatest common divisor of 8 and 27464?
8
Calculate the highest common divisor of 4263 and 22491.
147
Calculate the highest common divisor of 89698 and 36.
2
Calculate the greatest common factor of 1656 and 18936.
72
What is the highest common factor of 932722 and 238?
238
What is the greatest common factor of 281394 and 16212?
1158
What is the highest common factor of 1638 and 293904?
234
Calculate the highest common factor of 512 and 147712.
256
Calculate the highest common factor of 10459 and 1.
1
What is the greatest common divisor of 4071978 and 54?
54
What is the greatest common divisor of 13716 and 864?
108
What is the greatest common divisor of 16 and 6612784?
16
Calculate the greatest common divisor of 52725 and 4560.
285
Calculate the greatest common factor of 4830 and 86457.
483
Calculate the highest common divisor of 207 and 393777.
9
What is the highest common factor of 1600 and 4300?
100
Calculate the greatest common divisor of 22 and 250118.
22
What is the greatest common factor of 465 and 4335?
15
Calculate the greatest common factor of 4 and 31261.
1
Calculate the highest common factor of 9503 and 321113.
221
Calculate the greatest common divisor of 170 and 22900.
10
What is the highest common factor of 68367 and 91?
13
What is the highest common factor of 2601 and 12?
3
Calculate the highest common factor of 217 and 308822.
31
Calculate the greatest common factor of 37417 and 38624.
1207
What is the highest common factor of 25510 and 370?
10
Calculate the highest common factor of 94 and 5030363.
47
What is the highest common factor of 107 and 483533?
107
Calculate the highest common factor of 62733 and 652043.
1901
What is the greatest common divisor of 506748 and 33?
33
What is the greatest common divisor of 136104 and 477?
159
What is the highest common divisor of 7318 and 2?
2
Calculate the greatest common divisor of 272454 and 91.
91
Calculate the greatest common divisor of 9310 and 2510.
10
What is the greatest common divisor of 269865 and 135?
135
Calculate the greatest common divisor of 11568848 and 16.
16
What is the highest common factor of 73778 and 74?
74
What is the greatest common factor of 11344 and 528?
16
What is the highest common divisor of 548729 and 97?
97
Calculate the highest common factor of 1495 and 5405.
115
What is the greatest common factor of 3912 and 40?
8
Calculate the highest common divisor of 340 and 51748.
68
Calculate the highest common divisor of 11664 and 912.
48
Calculate the greatest common factor of 704067 and 273.
273
Calculate the highest common factor of 4466 and 99.
11
What is the greatest common factor of 6695 and 5330?
65
What is the highest common divisor of 216475 and 9896?
1237
What is the highest common divisor of 6980 and 90?
10
What is the highest common divisor of 